culate the remainder when y is divided by ((-26)/(-4) + -1)*2.
10
Suppose -3*f + 5*d + 95 = 0, 0*f = f + 3*d - 41. Suppose 4*j - 2*o = 50, 5*j - f = 3*o + 26. Calculate the remainder when 40 is divided by j.
12
Let i = -1 + -1. What is the remainder when 8 is divided by i/(-6) + (-24)/(-9)?
2
Let n = -17 - -30. Let d be (-2)/1 - (2 + -8). Suppose 3*i - 97 = -d*j + 61, 0 = 2*j + 5*i - 86. Calculate the remainder when j is divided by n.
12
Let d be (0 + 2)*(-160)/(-4). Let p = -46 + d. What is the remainder when p is divided by 12?
10
Suppose 45 = -5*g - 0*g. Calculate the remainder when 26 is divided by (0 - (-21)/g)*-3.
5
Let a be 3 + 0*(-1)/2. Suppose -3*s = -3 - a. What is the remainder when s is divided by 1?
0
Let j(s) = 2*s**2 + s - 4. Let r(q) = q**2 + 11*q + 7. Let n be r(-10). Calculate the remainder when j(n) is divided by 4.
3
Let i(g) = 9*g - 13*g + 2 + g**2 + 10*g. Let w be i(-6). Suppose -3 = h - w*j, 3*h - 3*j = 2 - 5. What is the remainder when h is divided by 1?
0
Let r = 14 - -12. Let o = -66 + 117. Calculate the remainder when o is divided by r.
25
Let l = 24 + -56. Let o = 46 + l. What is the remainder when o is divided by (-2)/6 + 32/6?
4
Suppose -3 = 3*z - 12. Let o = 1 - z. Let c = 3 - o. What is the remainder when 13 is divided by c?
3
Suppose k + 3*k - 40 = 0. Let d = k + -2. Let j = 14 - d. Calculate the remainder when 16 is divided by j.
4
Let j(d) = d**3 - 4*d**2 - 3*d + 5. Let o be j(4). Let c = o - -28. Calculate the remainder when c is divided by 11.
10
Suppose 3*z - 3 = 6. Suppose 0 = z*v - s - 34, s = 2*v - 0*s - 23. What is the remainder when 21 is divided by v?
10
Suppose 0*t + 2*t = 4. Suppose 0 = t*z - 0*z - 4. Let y = 2 - 0. Calculate the remainder when y is divided by z.
0
What is the remainder when (9/6)/((3/(-6))/(-1)) is divided by 3?
0
Let y(f) = -7*f - 33. Calculate the remainder when y(-13) is divided by 15.
13
Let p(h) = 2*h**2 - 5*h - 4. Calculate the remainder when p(5) is divided by 12.
9
Suppose -4*p + 143 = c, 4*p - 143 = c + 2. Calculate the remainder when 107 is divided by p.
35
Suppose 5*w - 2*q + 6*q = 227, 239 = 5*w - 2*q. What is the remainder when 93 is divided by w?
46
Let p(a) = -2*a**2 - 3*a - 3. Let r be p(-2). Let o(u) = 5 - u**3 - 6*u**2 - 6*u + 0*u**2 + 0*u**2. Calculate the remainder when 18 is divided by o(r).
8
Suppose 4*n + 5*a = 229, -n + 6*n - 275 = -4*a. What is the remainder when n is divided by (-2 + 15)/(1/1)?
12
Suppose m - 21 = -2*k + 4*m, 2*k - 16 = 2*m. Suppose k*y + 1 = 2*d - 28, 0 = -4*y + 20. Calculate the remainder when d is divided by 8.
6
Let g(j) = j + 11. Let z be g(0). Let u = z + -7. Suppose 0 = c + 5*w - 5 - 3, -u*c + 49 = 3*w. Calculate the remainder when 37 is divided by c.
11
Suppose -8*k + 142 = -130. Calculate the remainder when 163 is divided by k.
27
Suppose 3*t - 11 = -u, 3*t = -3*u + 4*t + 73. Let v = 6 + u. Suppose -l + 30 = 2*l. Calculate the remainder when v is divided by l.
9
Let x(v) = -v**2 + 5*v + 1. Suppose -9*q - 12 = -10*q. What is the remainder when q is divided by x(3)?
5
Let w be 4/3*3/(-2). Let q be w/4 + (-5)/(-2). Calculate the remainder when (-3 + q)/((-1)/7) is divided by 3.
1
Suppose 4*w - 8 = 2*h, w + 4*h + 7 = -0*w. Let q(b) = -b**3 + 9*b**2 - 5*b - 2. What is the remainder when q(7) is divided by -21*(2 - 3)/w?
19
Let y(x) = 40*x**3 - x**2 - x + 1. Let i be (-219)/(-13) + (-14)/(-91). Suppose -53 = -5*l + i. Calculate the remainder when y(1) is divided by l.
11
Let x(n) = 22*n**2 - 4*n - 3. What is the remainder when x(-2) is divided by 24?
21
Suppose w - 180 = 4*o, 0 = -5*w - 6*o + 3*o + 854. Suppose 2 = 3*b - w. Suppose -233 = -5*p - b. What is the remainder when p is divided by 12?
11
Let n(t) = 12*t**3 - t + 1. Let w = 2 - 0. Let o be w*((-6)/(-4) - 1). Calculate the remainder when 22 is divided by n(o).
10
Let u = -46 + 104. Let x(g) = -g**2 - 12*g - 12. What is the remainder when u is divided by x(-8)?
18
Let u(t) = 8*t**2. Let l = 1 - 4. Calculate the remainder when u(2) is divided by (-2 - 0 - l) + 10.
10
Suppose -k = -0 - 9. Suppose 0 = -2*x - 3*x + 220. What is the remainder when k is divided by 1/(-2) + x/8?
4
Let h(n) = 2*n**3 - n**2 + 4*n - 5. Suppose -4*w = -4*d + 180, -152 - 16 = -4*d - 2*w. Let i = 86 - d. What is the remainder when i is divided by h(2)?
13
Suppose h + 25 = 4*k, -k - 5*h - 18 = 2. Suppose 6*d - d - 20 = 0. Suppose -x + p - k*p = 4, 2*p = -d. What is the remainder when 11 is divided by x?
3
Suppose -3*g + 40 - 4 = 0. Calculate the remainder when 35 is divided by g.
11
Let l = 1 + 7. Calculate the remainder when 15 is divided by l.
7
Suppose -5*z + 5*c + 110 = 0, -68 = -10*z + 7*z + 5*c. What is the remainder when z is divided by 5?
1
Let n be (1/(-1))/(2/(-4)). Let o(u) = u**2 - 1 + 3*u + n + 0. Calculate the remainder when o(4) is divided by 10.
9
Suppose -15 = -3*o + 60. Suppose 20 = 2*a + 2*i, a - 64 = -3*a + 4*i. What is the remainder when o is divided by a?
12
Let z be (0 - 2) + -1 + -33. Let x = -8 - z. Let g = -6 + 16. Calculate the remainder when x is divided by g.
8
Let c(f) = f**3 - 12*f**2 + 14*f + 10. Let x be c(10). Let y = x - -124. Calculate the remainder when y is divided by 25.
24
Suppose 0*s = -3*s. Suppose -4*i + 74 + 66 = s. Calculate the remainder when i is divided by 12.
11
Let r = 13 + 6. Suppose 3*i + 23 + 18 = 4*c, 2*c - i = r. Calculate the remainder when 12 is divided by c.
4
Suppose -2*p + 7*p = 55. What is the remainder when p is divided by 3?
2
Let v = 12 + -19. Let a = v - -18. Suppose 2*g - 4*g + 8 = 0. What is the remainder when a is divided by g?
3
Let w = 41 - 33. Calculate the remainder when 37 is divided by w.
5
Let p = -14 - -33. Let q = p + -8. Calculate the remainder when q is divided by 6.
5
Suppose -f - 2*v + 1 = 12, f = -3*v - 14. Let w = 13 + f. Calculate the remainder when 15 is divided by w.
7
Let m(i) = 2*i**2 - 5*i - 5. Calculate the remainder when 23 is divided by m(-2).
10
Suppose 3*v + v = 0, 4*g + 4*v - 60 = 0. Calculate the remainder when g is divided by 9.
6
Suppose 0 = -4*a + a + 9, 0 = 2*r - 4*a - 62. Let k = r - 5. Calculate the remainder when k is divided by 11.
10
What is the remainder when 49 is divided by 168/9 - -4*(-2)/12?
13
Suppose 3*y = -2*q + 20, -4*y = -5*q + 60 + 36. What is the remainder when 62 is divided by q?
14
Let d be 16/3 + 8/12. What is the remainder when 20 is divided by d/(-9)*(-21)/2?
6
Let y = 39 - 25. What is the remainder when (-848)/(-48)*(2 - (0 - 1)) is divided by y?
11
Let l(v) = -4*v**2 + 0*v**2 - 2 + 5*v**2 - 3. What is the remainder when 42 is divided by l(-4)?
9
Let v = -1 + 11. Suppose 5*b - 3*b - v = 0. What is the remainder when 17 is divided by b?
2
Let z(i) = -i**2 + 2. Let s(d) = d**3 + 2*d**2 - 5*d - 3. Calculate the remainder when s(-3) is divided by z(0).
1
Suppose u = 3*u - 5*y - 60, -5*u - y = -150. Suppose -80 - u = -2*g. Let z(o) = 4*o - 1. Calculate the remainder when g is divided by z(5).
17
Suppose 2*s - 1 = 9. Suppose -5*f = s - 75. What is the remainder when 54 is divided by f?
12
Let a = -165 + 277. Let i = a + -43. Calculate the remainder when i is divided by 24.
21
Let t(u) = -142*u. Let d be t(-7). Calculate the remainder when d/30 + 6/(-45) is divided by 12.
9
Let i(g) = 6*g - 13. What is the remainder when i(9) is divided by 22?
19
Let g be 5*((-19)/(-5) - -2). What is the remainder when 1/1*(g + -2) is divided by 7?
6
Let t = -36 + 38. Calculate the remainder when t is divided by 2.
0
Let k(h) be the first derivative of h**2/2 + 41*h + 1. What is the remainder when k(0) is divided by 14?
13
Let d(w) = 5*w + 5. Let q be d(-2). What is the remainder when 20 + (-2 - q - 2) is divided by 8?
5
Suppose 3*l - b + 5*b - 169 = 0, b = 5*l - 297. Let c = 83 - l. Calculate the remainder when c is divided by 9.
6
Let k = -101 - -47. Let m = k + 77. Calculate the remainder when 68 is divided by m.
22
Calculate the remainder when ((-420)/45)/((-2)/3) is divided by 6.
2
Let z be 10*1*3/6. Let f(a) = a**3 - 5*a**2 + 3*a - 6. Let u be f(z). Calculate the remainder when 146/u + (-4)/18 is divided by 9.
7
Suppose 0 = -3*s + 58 + 146. Let k be 180/(-24)*(-56)/(-10). Let b = -19 - k. Calculate the remainder when s is divided by b.
22
Let s(b) = 12*b - 7. Calculate the remainder when s(9) is divid